h + 21. What is the tens digit of l(12)?
4
Let i(s) = 2*s**3 - 4*s**2 + 2*s - 2. Suppose 34 = 2*n - 30. Suppose -5*g = -4*q + n, 2*q + 2*g = -g - 6. What is the units digit of i(q)?
2
Suppose 4*p = 3*z + 254 - 39, 5*z = p - 75. What is the tens digit of p?
5
Suppose 2*n + 90 = -o - 0*n, 0 = -4*o + n - 369. Let g be 1 + -1 - o/2. Suppose 5*x - 10 = 0, -3*x = 4*d + 2*x - g. What is the units digit of d?
9
Suppose 2*w - 95 = -3*w. What is the units digit of w?
9
Suppose 2*c + 0 = -18. Let u = c - -14. Suppose 0 = u*z - 15 + 5. What is the units digit of z?
2
Let r = 53 - -107. What is the hundreds digit of r?
1
Let h(z) be the third derivative of z**6/720 + z**5/12 - z**4/24 - z**2. Let t(a) be the second derivative of h(a). What is the units digit of t(-5)?
5
Suppose j - 4 = -3*j. Let q(k) = 5*k. What is the units digit of q(j)?
5
Suppose 976 = 10*x - 6*x. What is the tens digit of x?
4
Let d = 90 - 86. What is the units digit of d?
4
Let q(l) = 2*l + 11. Let x(c) = 5*c + 23. Let s(n) = -9*q(n) + 4*x(n). Let a(j) = j + 2. Let p be a(4). What is the units digit of s(p)?
5
Suppose -5*f - 33 + 6 = -4*d, -3*d = 5*f + 6. Let a be (-3)/d + -1 + 6. What is the units digit of -6*2*(-3)/a?
9
Let m = 0 - -2. Let k be (-2)/m + (-1)/1. What is the units digit of 3 - k*(1 - 0)?
5
Suppose 2*t + 51 = 6*w - 5*w, 2*w - 134 = -4*t. What is the units digit of w?
9
Suppose 3*h = 4*u - 0*u - 130, 3*h - 149 = -5*u. Suppose -5*f = -3*q + 47, u = -5*f - 3*q + 2*q. Let g(d) = d + 12. What is the units digit of g(f)?
5
Suppose -5*d + 19 = g, 0*g - g - d + 7 = 0. Let p(m) = -m**2 + 7*m - 6. What is the units digit of p(g)?
6
Let v(b) be the first derivative of b**3/3 - 3*b**2/2 - 6*b + 1. Let j be v(6). Let k = -8 + j. What is the units digit of k?
4
Let z be 127/3 - (-1)/(-3). Suppose 2*n = -n + z. What is the units digit of n?
4
Let h(i) = i**2 - 5. Let u be ((-6)/9)/((-6)/(-45)). Let j be h(u). Let d = j - 7. What is the tens digit of d?
1
Let m = 220 + -71. What is the hundreds digit of m?
1
Let c = 11 + -6. Suppose -5 = -0*u + c*u. Let k(x) = 4*x**2 + x. What is the units digit of k(u)?
3
What is the tens digit of (-51)/(-1) + (-44)/11?
4
Suppose 0 = 2*w - 24 - 80. What is the tens digit of w?
5
Suppose 0 = j + 2*j - 18. Suppose 4*t - j = 2. What is the units digit of t?
2
Let y be (-2)/(-6)*(0 + 6). Let o(g) = y*g**2 + 1 - 2*g**2 + 2*g + g**2 - 3*g. What is the units digit of o(0)?
1
Let x(u) be the third derivative of -u**4/6 - 2*u**3/3 - 2*u**2. What is the units digit of x(-3)?
8
Let n be ((-6)/(-2))/(21/14). Let s be (n/6)/(1/9). Suppose 2*r + 1 = s. What is the units digit of r?
1
Let c be (-1)/(-1*(-2)/(-4)). Suppose -2*o + 4*u + 58 = 0, 2*o - c*u = -5*u + 30. What is the tens digit of o?
2
Suppose -q - 4*h + 192 = -119, -q + 5*h + 284 = 0. What is the hundreds digit of q?
2
Let x(a) be the third derivative of a**5/60 - 5*a**3/6 - 7*a**2. What is the tens digit of x(4)?
1
Let y(d) = -d**2 + d + 20. Let j be y(0). Let w = j + -18. What is the units digit of w?
2
Suppose -3*s + s + 10 = 0. Suppose 75 = 2*w - o, 15 + 10 = 5*o. Suppose -4*n - w = -5*m, -5*m = -10*m + s*n + 40. What is the units digit of m?
8
What is the tens digit of ((-22)/8)/((-4)/32)?
2
Let w(b) = -2*b - 2. Let t be w(6). Let z(y) = y**2 + 2*y - 4. Let k be z(4). Let v = k + t. What is the units digit of v?
6
Let x(k) = k**3 + 7*k**2 + 6*k - 7. Let t(d) = -4*d**2 + 3*d - 1. Let g(z) = z**2 - 1. Let u(m) = 2*g(m) + t(m). Let l be u(2). What is the tens digit of x(l)?
1
Let a = -53 + 79. What is the tens digit of a?
2
Let b = -77 - -111. What is the tens digit of b?
3
Suppose -4*g = -0*g - 8. Let b = -5 - -8. Let n = b + g. What is the units digit of n?
5
Let g = -14 - -11. Suppose -m = -a - 7, 6*a + 11 = 5*a - m. What is the tens digit of 3/a + (-37)/g?
1
Suppose -4*x - 2*d - 31 = -139, -4*d + 20 = x. What is the units digit of x?
8
Suppose l + 6 = 3*l. Suppose 4*q - 2*d - 42 = 0, -l*q = -5*q - 4*d + 26. Suppose 2*g = 3*g - q. What is the tens digit of g?
1
Suppose 2*v + v = 3*u + 45, -4*v = 5*u - 15. What is the units digit of v?
0
Let j(n) = 1 + 3 - 1 + 5*n + n. What is the tens digit of j(3)?
2
Let s(z) = 4*z + 28. What is the units digit of s(14)?
4
Let n be -8 - 3/(6/(-4)). What is the units digit of 2*((-6)/2)/n?
1
Let r(i) = 2*i**2 + 5*i - 7. Let c be r(-5). Suppose 3*y = c + 18. What is the units digit of y?
2
Suppose 5*b + 3*h - 24 = 0, 5*b - 6*h - 34 = -4*h. What is the units digit of b?
6
Let d = 254 + -85. What is the units digit of d?
9
Let l = 436 + -3. What is the tens digit of l?
3
Let w(a) = 5*a - 9. Let h be w(13). Suppose -q + h = 3*q. What is the tens digit of q?
1
Let o = 14 - 10. Suppose -9*l + 10*l - o = 0. What is the units digit of l?
4
What is the tens digit of (39/12)/(3 - 23/8)?
2
What is the tens digit of (231/28)/((-2)/(-8))?
3
Let j(z) = 11*z**3 - 25*z**2 + 23*z + 23. Let m(x) = -5*x**3 + 12*x**2 - 11*x - 11. Let s(v) = -4*j(v) - 9*m(v). What is the units digit of s(7)?
7
Let o(t) = t - 6. Let k(r) = r**3 + 5*r**2 - 8*r - 3. Let h be k(-6). Let a be o(h). Suppose -a*u = -0*u - 9. What is the units digit of u?
3
Let u(a) = a**3 + 7*a**2 + 7*a + 5. Let c be (1 - 9) + 0 + 2. Let r be u(c). What is the units digit of (r/(-3))/((-2)/(-54))?
9
Let u = -70 - -124. Let k = u - 24. What is the tens digit of k?
3
Let o be 14/(-4)*36/(-21). Suppose -1 = -m - 2*q + 3, -o = 3*q. What is the units digit of m?
8
Let g(y) = 4*y + 2. Let t be g(2). What is the units digit of (t/(-6))/((-3)/54)?
0
Let b(s) = s**3 - 2*s**2 + 3*s. Let r be b(2). Let v = 3 + r. What is the units digit of (2 - 1 - v)/(-1)?
8
Let x = -120 + 275. What is the tens digit of x?
5
Suppose 0*z - 96 = -2*z - 4*f, 5*f = 3*z - 122. What is the tens digit of z?
4
Let g(n) = n**2 + 10*n + 10. What is the units digit of g(-13)?
9
Let r(i) be the second derivative of i**5/20 - 5*i**4/12 - 5*i**3/6 + i**2 - i. What is the units digit of r(6)?
8
Let k = -20 + 37. What is the tens digit of k?
1
Let s(y) = -y**2 - 8*y + 2. Let g be s(-8). Suppose g*p = -3*p + 25. Suppose -13 = -a + p*b, a = 3*b + 3 + 6. What is the units digit of a?
3
Let y = -16 - -7. Suppose -o - 2*o = 3. Let f = o - y. What is the units digit of f?
8
Let c = 9 - 5. Suppose -4*s = -g - 49, -s + c*s + 5*g = 31. What is the tens digit of s?
1
Let c(u) = -u**3 - 9*u**2 - 9*u - 9. Let k be c(-8). Suppose -3*a - 2*a = 0. What is the tens digit of 12*(a/2 - k)?
1
Suppose 3*v - v - 12 = 0. Let b(x) = 4*x**3 + 6*x**2 - 7. Let l(k) = -k**3. Let d(n) = -b(n) - 5*l(n). What is the units digit of d(v)?
7
Let v(k) be the first derivative of -3*k**2/2 + k - 1. Let f be v(-1). Suppose 2*d - m - 14 = -f*m, d = m - 3. What is the units digit of d?
1
Suppose 3*d - 14 = -5*h, 0*h - 4*d = -2*h + 16. Suppose -13 - 7 = -h*m. Suppose -4*g = 2*x - 32, x - m*g + 14 = -g. What is the units digit of x?
6
Let g = -5 + -1. Suppose 6*n - 44 = 2*n. Let k = n + g. What is the units digit of k?
5
Let m = -14 + 36. Let d = -1 - -4. Suppose 11 = g - d*t - 2, 0 = -2*g + 5*t + m. What is the units digit of g?
1
Suppose 16 + 159 = 2*d + 5*q, -463 = -5*d - 4*q. What is the tens digit of d?
9
Suppose 5*i - 9*i = -180. What is the tens digit of i?
4
Suppose -3*p = 13 - 52. What is the units digit of p/2 + (-1)/2?
6
Suppose -4*q = -5*j + 7, -3*q = -q - 2*j + 4. Let z be (-1*(1 + q))/(-1). Let h = z + 4. What is the units digit of h?
2
Let b = 8 - 4. Suppose u - 10 = -5*x - 4*u, 2*x = b*u + 34. Suppose -2*a - 30 = -x*a. What is the units digit of a?
6
Let v = -6 - -10. Let l(p) = -2*p**3 + 16*p**2 + p - 8. Let o be l(8). Suppose -v*c + 6*c - 36 = o. What is the tens digit of c?
1
Suppose y - 1 = -12. Let x = y - -22. What is the tens digit of x?
1
Let u = -9 + 29. Let y = -13 + u. What is the units digit of y?
7
Suppose -5*z + 13 - 3 = 0, 5*m + 13 = 4*z. What is the units digit of -4*(-2 - -1) - m?
5
Suppose 13 + 31 = 4*x. Let i(o) = o**2 - 7*o - 14. What is the tens digit of i(x)?
3
Let z(s) = 2*s - 4. Let d = 13 - 19. Let f be ((-27)/d)/((-6)/(-8)). What is the units digit of z(f)?
8
Suppose 0*m - 5*s = 2*m - 48, -3*s = 6. What is the tens digit of m?
2
Let j = 4 + -2. What is the units digit of j + -5 + 14/2?
4
Let b(w) = 16*w - 5. Let n = -7 + 9. What is the units digit of b(n)?
7
Let 